are the prime factors of d(y)?
2, 5
Let d = 0 + 5. Suppose -4*m - 16 = 2*t - 2, -4*m = -t + d. List the prime factors of 34/(-3)*t/2.
17
Suppose 4*r + 12 = -0*r. List the prime factors of 1120/48 - 2/r.
2, 3
Suppose -16*o + 4890 - 394 = 0. List the prime factors of o.
281
Let g = 239 - -766. What are the prime factors of g?
3, 5, 67
Let i = -61 - -105. What are the prime factors of i?
2, 11
Suppose -420 = -4*g + 2*d, -3*g + 318 = -5*d + 2*d. List the prime factors of -1*(-2 + -1) + g.
107
List the prime factors of (-2907)/(-2) - 3/2.
2, 3, 11
Suppose -d + 5*o = -3*d + 2707, 0 = 3*d - 5*o - 4073. List the prime factors of d.
2, 3, 113
Suppose o + 5*q - 933 = 0, o - 2*q = -4*o + 4530. What are the prime factors of o?
2, 227
Let q be 2/(-20) + 287/70. Suppose 0 = v + 3*g - 37, -q*v - g + 101 + 14 = 0. List the prime factors of v.
2, 7
Let y(f) = -3*f**3 - 4*f**2 + 5*f + 2. What are the prime factors of y(-4)?
2, 5, 11
Let h(v) = -v**3 - 8*v**2 - 3*v. Let l be 230/(-18) + 4 + (-2)/9. What are the prime factors of h(l)?
2, 3
Suppose 0 = -2*y + 580 + 688. What are the prime factors of y?
2, 317
Suppose -212 + 2204 = 12*d. What are the prime factors of d?
2, 83
Let s(x) = -x**3 - 5*x**2 + 5*x - 7. Let j be s(-6). Let v be j*(5 - 2) - -11. Suppose 4*m + v*o = 3*o + 281, o + 68 = m. What are the prime factors of m?
3, 23
Let k = 51 + -54. Let w(b) be the third derivative of b**4/24 + b**3 - 3*b**2. List the prime factors of w(k).
3
Let d(n) = -n**3 - 43*n**2 + 85*n - 154. What are the prime factors of d(-45)?
71
Let g = -93 + 195. Suppose 4*y - 154 = -4*l + 6*y, 2*l + 4*y = g. What are the prime factors of l?
41
Suppose 363*y - 2340 = 359*y. What are the prime factors of y?
3, 5, 13
Let z = 1021 + -729. List the prime factors of z.
2, 73
Let z be (-2 - -1) + 122/2. Suppose 0 = r + 3*o + 47, 3*o - 8*o = -4*r - 120. Let w = z + r. What are the prime factors of w?
5
Suppose u = 5*o - 24, 2*u - 6 + 4 = 0. Let z(s) = s**3 - 17*s**2 + 4. Let d be z(17). Suppose -o*r = -d*r - 8. What are the prime factors of r?
2
Suppose 4*u = 4*a - 760, -5*u + 479 - 134 = 2*a. Suppose -a - 18 = -4*t + s, 0 = 3*s + 9. List the prime factors of t.
2, 5
Suppose 314 = 5*h - 676. Let p = h + -117. What are the prime factors of p?
3
Let o(n) = -4*n - 4. Let p be o(-3). Let x = p - 3. Suppose 8 = x*l - 97. List the prime factors of l.
3, 7
Let q(l) = -1 + 2 - 4*l**2 + 3 + 5*l**2. Let p = 19 + -23. What are the prime factors of q(p)?
2, 5
Let t(j) = -5*j**2 - 4 + 47*j + 3 + 86*j**3 - 46*j + 6*j**2. What are the prime factors of t(1)?
3, 29
Let i(g) = g**2 - g - 8. Let m be i(6). Suppose -3*y + m = -50. What are the prime factors of y?
2, 3
Let o = 594 - 335. List the prime factors of o.
7, 37
Suppose -2*l = -2*n - 10, 4*n = -l + 8*n + 8. Let b(s) = 5*s + 4. Let i be b(-3). Let f = l - i. List the prime factors of f.
3, 5
Let w be (-2 + 0)*(0 + 14). Let v = 70 + w. What are the prime factors of v?
2, 3, 7
Let t be 20/8*(-1 + (-22)/(-10)). Suppose -7*r + t*r = -208. List the prime factors of r.
2, 13
Let w = 140 - 78. Let m = w - 49. What are the prime factors of m?
13
Let y(q) = -149*q + 1. Let m be y(-11). Suppose 2*n - 4*o + 3*o - m = 0, 5*n - 4114 = -o. List the prime factors of 1/(-4) - n/(-24).
2, 17
Suppose 2*g - 8 = 0, -2*g = 2*v - 4*g + 110. Let p = v + 63. List the prime factors of p.
2, 3
Let a(t) = -3. Let g(c) = c. Let o(q) = 3*a(q) + 3*g(q). What are the prime factors of o(9)?
2, 3
Suppose 9*d = -4*x + 12956, 3*x - 9717 = 4*d - 2*d. What are the prime factors of x?
41, 79
Let w(m) = 9*m**3 + 2*m**2 - 5*m + 3. Let f be (3/9 + 1)*(-6)/(-4). List the prime factors of w(f).
73
Let t = 116 - 64. Let z(h) = t*h**2 - 2*h + 2*h - 9 - 46*h**2 + h**3 - 9*h. List the prime factors of z(-7).
5
Suppose -19*m = 4*m - 39767. List the prime factors of m.
7, 13, 19
Let v = 4310 + -1999. List the prime factors of v.
2311
Suppose 5*f - 15 = 2*y, 0 = -2*y - 0*f + 2*f. Let c(m) = -4*m - m - 7 + 6 - y*m. What are the prime factors of c(-2)?
19
Let h(l) be the first derivative of l**3/3 + l**2/2 - 12*l + 9. What are the prime factors of h(-5)?
2
Suppose -4*o = o - 1190. What are the prime factors of o?
2, 7, 17
Suppose -39*c + 37*c = -1288. Suppose -m - c = -3*m. What are the prime factors of m?
2, 7, 23
Suppose 4*d - 61 = -5*y, -d - 6 = -y - 2*y. List the prime factors of 9/(d/(-12) + 1).
2, 3
Let j = 1172 + -838. List the prime factors of j.
2, 167
Suppose 0 = -5*v - 18 - 37. What are the prime factors of (4 + v)/(2/(-8))?
2, 7
Let p(n) = -n**2 - 10*n + 14. Let y be p(-11). Suppose 0 = -y*b + 6*b - 21. Suppose b*l = 12*l - 175. List the prime factors of l.
5, 7
Let x = -2294 - -3239. List the prime factors of x.
3, 5, 7
Let i(b) = 3*b - 14. Let a be i(6). List the prime factors of (15 - (0 - a)) + -1.
2, 3
Let k be 0*((-2)/(-1) + -3). Suppose -y + 5*m + 32 = -k*y, -4*y - m + 170 = 0. What are the prime factors of y?
2, 3, 7
Let k = -7 + 2. Let g be k/((-5)/13) + -3. List the prime factors of (25/g)/(2/8).
2, 5
Suppose -2*n + 36 + 78 = 4*r, -2*r = 5*n - 253. Suppose -n*d = -48*d - 114. List the prime factors of d.
2, 3, 19
Suppose s = -7*y + 10*y + 642, 0 = -s + 4*y + 643. What are the prime factors of s?
3, 71
Let b(f) = 3*f**3 + 54*f**2 - 17*f + 53. What are the prime factors of b(-17)?
3, 13, 31
Suppose 320 = 4*h - 632. Let g = -130 + h. What are the prime factors of g?
2, 3
Let y = -98 + 102. What are the prime factors of (6*(-5)/45)/(y/(-1302))?
7, 31
Let w(y) = -5*y**3 - 2*y**2 + y + 2. Let q be w(-1). Suppose 5*g - 14 = -q. Suppose -5*l + 2*l = 6, g*f - 96 = 2*l. List the prime factors of f.
2, 23
What are the prime factors of (-2702)/(-6) + -1 + (-18)/(-27)?
2, 3, 5
Suppose -5*t = -3*t - 3*m - 385, -5*t - 5*m = -1000. Let r = t + -111. Let p = r + -38. What are the prime factors of p?
2, 3
Let s = -11 + 14. Suppose -u - 1 = -s*r, 3*r = 2*r - 5*u - 5. Suppose r = -5*l + 5*m + 35, 3*m - 7*m = -5*l + 36. What are the prime factors of l?
2
Let o(g) = 2*g**2 + 14*g + 1. Let t be o(-7). Let k(c) = 161*c**2 - 4*c + 2. List the prime factors of k(t).
3, 53
Suppose -4*r = -3*w - 5, 0 = -4*r + 2*r - 2*w + 20. List the prime factors of (((-1038)/(-10))/3)/(r/25).
173
Let j(s) = -59*s + 10. Let k be j(-3). Suppose l + 203 = d, -5*l = d - 2*d + k. List the prime factors of d.
3, 23
Let v be ((-30)/(-20))/((-3)/4). Let g be (v/6)/(12/108). Let k = 20 + g. What are the prime factors of k?
17
Suppose 2*v = -5*v - 392. Let q = -8 - v. What are the prime factors of q?
2, 3
Let i(o) = -o**3 - 24*o**2 - 15*o + 19. What are the prime factors of i(-25)?
1019
Let y(v) = v**3 + 23*v**2 - 27*v - 375. What are the prime factors of y(-22)?
19, 37
Let o = -349 + 1468. List the prime factors of o.
3, 373
Let o(r) = r**3 - 8*r**2 + 2*r - 11. Let z be o(8). Suppose 5*b = -u + 7, 34 - 13 = 3*u + z*b. List the prime factors of u.
7
Suppose -2*z + 5 - 1 = p, 3*z = -4*p - 9. Let q be p*((1 - -2) + -2). List the prime factors of 255/12 - q/8.
2, 11
Let n(i) = -120*i**2 + 4*i + 4. Let d(u) = 241*u**2 - 9*u - 9. Let o(g) = -2*d(g) - 5*n(g). List the prime factors of o(-1).
2, 59
Suppose 4*b = 3*b - 26. Let a = 54 + b. What are the prime factors of a?
2, 7
Suppose 78*l = 73*l + 9270. List the prime factors of l.
2, 3, 103
Let v be (-14)/(-6) + (-11)/33. What are the prime factors of (-267 - 5)*v/(-2)?
2, 17
Let g = -1 - -3. Let y = g + 1. Let t(j) = 9*j + 5. What are the prime factors of t(y)?
2
Let r(b) = -b**3 + 14*b**2 - 22*b + 18. List the prime factors of r(8).
2, 113
Suppose 0*w - 5*w - v + 22 = 0, -6 = 2*v. Suppose -l + 0*a + 117 = -a, 0 = 5*l + w*a - 625. What are the prime factors of l?
11
Let v be (21/(-28))/((-9)/24). Let w be 91/4 + v/8. Suppose -w = -n + 10. List the prime factors of n.
3, 11
Suppose -4*q = 3*u - 9007, 0 = 5*q - 0*u + 4*u - 11258. What are the prime factors of q?
2, 7, 23
Let z(b) = -9*b**3 - 6*b**2 - 4*b + 2. Let n be z(-4). Suppose -n = -7*w + 181. List the prime factors of w.
97
Suppose -35 = 8*i - i. What are the prime factors of (28/i)/(28/(-910))?
2, 7, 13
Suppose 7*f - 10 = 12*f. Let n(k) = 19*k**2 - 4*k - 4. List the prime factors of n(f).
2, 5
List the prime factors of (-1294)/(-2) - 10/(-35)*-14.
643
Let s be -6 + 5 - (1 + 1). Let d(p) be the third derivative of -p**4/8 + p**3/6